820870 and 370?
370
Calculate the highest common divisor of 2326 and 1485151.
1163
What is the highest common divisor of 40 and 29208?
8
Calculate the greatest common divisor of 3509699 and 19.
19
Calculate the highest common factor of 2944 and 7808.
128
Calculate the highest common factor of 504 and 9036.
36
What is the greatest common factor of 139 and 556?
139
Calculate the greatest common factor of 63837 and 9225.
369
Calculate the greatest common divisor of 41 and 106313.
41
What is the highest common divisor of 94796 and 52?
52
Calculate the greatest common factor of 1480 and 6760.
40
What is the greatest common factor of 2596 and 44?
44
What is the highest common divisor of 51980 and 368?
92
Calculate the greatest common factor of 29192 and 492.
164
Calculate the highest common factor of 1230384 and 240.
48
What is the greatest common factor of 12680 and 14920?
40
What is the highest common divisor of 616 and 58124?
44
What is the highest common divisor of 2228204 and 356?
356
What is the highest common factor of 7582569 and 93?
93
What is the highest common divisor of 135 and 2202825?
15
Calculate the greatest common divisor of 3114965 and 8540.
2135
What is the greatest common divisor of 24464 and 66?
22
Calculate the highest common divisor of 7477 and 22.
1
What is the greatest common factor of 494 and 627988?
38
What is the highest common factor of 153 and 141084?
9
Calculate the highest common factor of 3461133 and 39.
39
What is the highest common factor of 50358 and 34650?
462
What is the highest common divisor of 91833 and 84?
21
Calculate the greatest common divisor of 1033428 and 12.
12
What is the highest common divisor of 444 and 2183?
37
What is the greatest common divisor of 1195 and 4440?
5
What is the highest common factor of 43 and 158541?
43
What is the greatest common divisor of 1085 and 42470?
155
What is the greatest common divisor of 3762 and 330?
66
Calculate the greatest common factor of 8 and 443144.
8
What is the greatest common divisor of 48 and 19552?
16
What is the highest common factor of 28008 and 2616?
24
What is the highest common factor of 111408 and 72?
24
Calculate the greatest common divisor of 68096 and 34846.
266
Calculate the greatest common divisor of 888 and 776.
8
What is the greatest common factor of 2658 and 4740986?
886
Calculate the highest common divisor of 23840 and 3840.
160
Calculate the highest common divisor of 1 and 94559.
1
Calculate the greatest common divisor of 7360 and 25920.
320
Calculate the highest common factor of 621 and 338238.
207
Calculate the greatest common divisor of 916 and 1052.
4
What is the highest common divisor of 1158256 and 66?
22
Calculate the greatest common factor of 1473786 and 738.
738
What is the greatest common divisor of 61320 and 107520?
840
What is the greatest common factor of 1840 and 199870?
230
Calculate the greatest common divisor of 11 and 714923.
11
Calculate the greatest common divisor of 260415 and 75.
15
What is the highest common factor of 40969 and 371?
53
What is the greatest common divisor of 12 and 6252?
12
What is the highest common divisor of 5928 and 16536?
312
Calculate the greatest common divisor of 74253 and 636.
159
Calculate the greatest common divisor of 254 and 219837.
127
What is the highest common divisor of 8970 and 6270?
30
Calculate the greatest common divisor of 782612 and 1734.
578
Calculate the highest common divisor of 510664 and 385.
77
What is the greatest common factor of 1569142 and 47?
47
Calculate the highest common factor of 195 and 221715.
195
Calculate the greatest common factor of 40 and 347465.
5
What is the greatest common divisor of 104 and 322152?
8
What is the greatest common divisor of 36736 and 128?
128
Calculate the highest common factor of 245 and 174587.
49
Calculate the highest common divisor of 50030 and 40.
10
Calculate the greatest common divisor of 1652 and 7154.
14
Calculate the highest common divisor of 75917 and 3827.
89
What is the greatest common divisor of 22 and 18796?
2
What is the greatest common factor of 126 and 14094?
18
Calculate the greatest common factor of 578 and 271.
1
Calculate the greatest common divisor of 6 and 56568.
6
Calculate the greatest common factor of 17420 and 923.
13
Calculate the highest common divisor of 528978 and 1572.
786
What is the highest common factor of 85 and 8530?
5
Calculate the highest common factor of 701270 and 460.
230
What is the greatest common divisor of 2 and 2699?
1
What is the highest common factor of 122 and 164639?
61
Calculate the highest common factor of 73086 and 156.
78
Calculate the highest common factor of 646 and 5985190.
646
Calculate the greatest common divisor of 27 and 311121.
27
What is the greatest common factor of 225 and 29675?
25
What is the highest common divisor of 44 and 213356?
44
Calculate the highest common divisor of 1244361 and 87.
87
What is the greatest common factor of 1154 and 1055333?
577
What is the highest common factor of 1484 and 396?
4
Calculate the highest common divisor of 241 and 121705.
241
Calculate the highest common divisor of 339701 and 1882.
941
Calculate the greatest common factor of 78353 and 561.
187
What is the highest common factor of 8296 and 3604?
68
What is the highest common factor of 36481 and 191?
191
What is the highest common factor of 189 and 113337?
63
Calculate the highest common factor of 105666 and 2244.
66
What is the highest common factor of 39810 and 120?
30
What is the greatest common factor of 36 and 3334?
2
What is the highest common divisor of 817139 and 923?
71
Calculate the greatest common divisor of 355 and 51972.
71
Calculate the greatest common divisor of 68634 and 378.
54
Calculate the greatest common factor of 10846 and 3740.
374
Calculate the highest common factor of 435 and 811275.
435
Calculate the highest common factor of 219290 and 20.
10
What is the greatest common divisor of 1517 and 4141?
41
What is the highest common factor of 9906 and 806?
26
Calculate the highest common divisor of 16874 and 2.
2
What is the highest common divisor of 647804 and 5112?
284
What is the greatest common factor of 2772 and 182259?
693
What is the greatest common divisor of 603721 and 1445?
289
Calculate the greatest common divisor of 39 and 8551.
1
Calculate the greatest common factor of 467 and 41.
1
What is the highest common divisor of 43 and 556?
1
What is the greatest common factor of 675 and 12899475?
225
Calculate the highest common factor of 4 and 14440.
4
What is the highest common factor of 12000 and 7584?
96
Calculate the greatest common divisor of 729 and 66177.
81
What is the greatest common divisor of 10604 and 4180?
44
What is the highest common divisor of 5753 and 12029?
523
What is the highest common factor of 3366 and 192258?
198
Calculate the greatest common factor of 72160 and 6336.
352
Calculate the greatest common divisor of 3471 and 99680.
89
Calculate the greatest common divisor of 67872 and 4032.
672
What is the highest common factor of 114 and 1080?
6
What is the greatest common factor of 7578 and 37026?
18
What is the highest common divisor of 864 and 125152?
32
What is the greatest common factor of 95 and 95230?
5
What is the greatest common divisor of 627 and 54967?
209
What is the highest common divisor of 36 and 176196?
12
What is the greatest common factor of 353727 and 363?
33
What is the highest common divisor of 555 and 1106670?
555
What is the greatest common factor of 2114 and 350?
14
Calculate the highest common divisor of 441 and 56399.
49
What is the highest common divisor of 924949 and 25103?
1931
Calculate the greatest common factor of 46240 and 510.
170
Calculate the greatest common factor of 12 and 2631.
3
Calculate the highest common factor of 2572 and 106.
2
Calculate the highest common divisor of 1498880 and 16640.
1280
What is the highest common factor of 1998 and 3330?
666
What is the greatest common divisor of 26487 and 7290?
243
What is the highest common divisor of 10 and 98060?
10
Calculate the highest common divisor of 7015 and 1840.
115
Calculate the greatest common factor of 440933 and 6555.
437
Calculate the highest common divisor of 1779050 and 208.
26
Calculate the greatest common divisor of 43163 and 119.
17
Wha